{"id":3318,"date":"2010-09-28T03:17:27","date_gmt":"2010-09-28T01:17:27","guid":{"rendered":"http:\/\/www.rat-u-gradu.alat.hr\/?page_id=3318"},"modified":"2022-08-20T15:32:43","modified_gmt":"2022-08-20T13:32:43","slug":"moj-ratni-dnevnik","status":"publish","type":"page","link":"http:\/\/www.rat-u-gradu.alat.hr\/?page_id=3318","title":{"rendered":"RATNA SJE\u0106ANJA"},"content":{"rendered":"<p><strong><em><span style=\"color: #000080;\">IZABERITE NA DESNOJ STRANI&nbsp;NEKU SERIJU <\/span><\/em><\/strong><\/p>\n<p><strong><em><span style=\"color: #000080;\">&#8211; ANALIZA NOVINARA LUKA BRAILA<\/span><\/em><\/strong><\/p>\n<p><strong><em><span style=\"color: #000080;\">&#8211; DOPRINOS NA\u0160IH ISELJENIKA U DOMOVINSKOM RATU<\/span><\/em><\/strong><\/p>\n<p><strong><em><span style=\"color: #000080;\">&#8211; SJE\u0106ANJA RATNIKA<\/span><\/em><\/strong><\/p>\n<p><strong><em><span style=\"color: #000080;\">&#8211; MOJA RATNA SJE\u0106ANJA <\/span><\/em><\/strong><\/p>\n","protected":false},"excerpt":{"rendered":"<p>IZABERITE NA DESNOJ STRANI&nbsp;NEKU SERIJU &#8211; ANALIZA NOVINARA LUKA BRAILA &#8211; DOPRINOS NA\u0160IH ISELJENIKA U DOMOVINSKOM RATU &#8211; SJE\u0106ANJA RATNIKA &#8211; MOJA RATNA SJE\u0106ANJA<\/p>\n","protected":false},"author":1,"featured_media":0,"parent":3312,"menu_order":2,"comment_status":"closed","ping_status":"closed","template":"","meta":{"ngg_post_thumbnail":0,"footnotes":""},"class_list":["post-3318","page","type-page","status-publish","hentry"],"jetpack_sharing_enabled":true,"_links":{"self":[{"href":"http:\/\/www.rat-u-gradu.alat.hr\/index.php?rest_route=\/wp\/v2\/pages\/3318","targetHints":{"allow":["GET"]}}],"collection":[{"href":"http:\/\/www.rat-u-gradu.alat.hr\/index.php?rest_route=\/wp\/v2\/pages"}],"about":[{"href":"http:\/\/www.rat-u-gradu.alat.hr\/index.php?rest_route=\/wp\/v2\/types\/page"}],"author":[{"embeddable":true,"href":"http:\/\/www.rat-u-gradu.alat.hr\/index.php?rest_route=\/wp\/v2\/users\/1"}],"replies":[{"embeddable":true,"href":"http:\/\/www.rat-u-gradu.alat.hr\/index.php?rest_route=%2Fwp%2Fv2%2Fcomments&post=3318"}],"version-history":[{"count":3,"href":"http:\/\/www.rat-u-gradu.alat.hr\/index.php?rest_route=\/wp\/v2\/pages\/3318\/revisions"}],"predecessor-version":[{"id":5833,"href":"http:\/\/www.rat-u-gradu.alat.hr\/index.php?rest_route=\/wp\/v2\/pages\/3318\/revisions\/5833"}],"up":[{"embeddable":true,"href":"http:\/\/www.rat-u-gradu.alat.hr\/index.php?rest_route=\/wp\/v2\/pages\/3312"}],"wp:attachment":[{"href":"http:\/\/www.rat-u-gradu.alat.hr\/index.php?rest_route=%2Fwp%2Fv2%2Fmedia&parent=3318"}],"curies":[{"name":"wp","href":"https:\/\/api.w.org\/{rel}","templated":true}]}}