{"id":308,"date":"2009-12-27T03:25:49","date_gmt":"2009-12-27T02:25:49","guid":{"rendered":"http:\/\/rat-u-gradu.croati.org\/?page_id=308"},"modified":"2022-08-20T15:29:12","modified_gmt":"2022-08-20T13:29:12","slug":"rodoslovlje","status":"publish","type":"page","link":"http:\/\/www.rat-u-gradu.alat.hr\/?page_id=308","title":{"rendered":"Rodoslovlje"},"content":{"rendered":"<p>Svakako da je danas postalo moderno imati rodoslovno stablo&#8230;&nbsp; Sa debelim korijenom! Ne znam puno, o &#8220;korijenu&#8221;, se\u017ee samo do djedova i baka, ali jako sam ponosan na taj dio korijena!!<\/p>\n<p>Djed po ocu, Mostarac, sudac i mirovni sudac. Mirovni sudac nije se postajalo lako! O\u017eenio je Mariju Vitalji\u0107, Vitalji\u0107i su porijeklom sa Visa. Pojma nemam kako su se sreli&#8230; Sinovi su im Ivan, Vjekoslav i Vitomir. Na \u017ealost moj djed nije se igrao sa unukom, komunisti su ga zbog njegovog Hrvatstva i &#8220;neodgovaraju\u0107ih&#8221; (prohrvatskih i po\u0161tenih) stavova uhapsili i perfidno u \u010deliji u zatvoru, u tankoj odje\u0107i, izlo\u017eili vlazi i studeni, pa kad se razbolio onda su ga te\u0161ko bolesnog s te\u0161kom upalom plu\u0107a poslali porodici, prora\u010dunato prekasno.<\/p>\n<p><strong><em><a href=\"http:\/\/www.rat-u-gradu.alat.hr\/?attachment_id=3346\" rel=\"attachment wp-att-3346\"><img loading=\"lazy\" decoding=\"async\" class=\"alignnone\" src=\"http:\/\/www.rat-u-gradu.alat.hr\/wp-content\/uploads\/2010\/02\/Lasi?_Petar_2.jpg\" alt=\"Lasi\u0107_Petar_2\" width=\"120\" height=\"158\"><\/a>\u00c2&nbsp;<\/em><\/strong><strong><em>\u00c2&nbsp;<\/em><\/strong><strong><em>Moj djed Petar. Ro\u0111en 1893 u Mostaru i ubijen 1950 u Sarajevu.<\/em><\/strong><\/p>\n<p>&nbsp;<\/p>\n<p><strong><em><a href=\"http:\/\/www.rat-u-gradu.alat.hr\/?attachment_id=3348\" rel=\"attachment wp-att-3348\"><img loading=\"lazy\" decoding=\"async\" class=\"alignleft size-thumbnail wp-image-3348\" title=\"Lasi?_Petar_1\" src=\"http:\/\/www.rat-u-gradu.alat.hr\/wp-content\/uploads\/2009\/12\/Lasi?_Petar_1-150x150.jpg\" alt=\"\" width=\"128\" height=\"150\"><\/a>\u00c2&nbsp;<\/em><\/strong><\/p>\n<p><strong><em>Na slici je kao barjaktar zagreba\u010dkog sveu\u010dili\u0161ta na prijenosu kostiju Petra Zrinskog i Krste Frankopana, iz Be\u010dkog Novog Mjesta u Hrvatsku, gdje su u zagreba\u010dkoj katedrali pokopani 1919 godine.<\/em><\/strong><\/p>\n<p><strong><em>\u00c2&nbsp;<\/em><\/strong><\/p>\n<p>&nbsp;<\/p>\n<p><a href=\"http:\/\/rat-u-gradu.croati.org\/wp-content\/uploads\/2009\/12\/Lasi?_Ivan_1_1.jpg\"><strong><em>\u00c2&nbsp;<\/em><\/strong><\/a><a href=\"http:\/\/www.rat-u-gradu.alat.hr\/wp-content\/uploads\/2009\/12\/Lasi?_Ivan_1_1.jpg\"><img loading=\"lazy\" decoding=\"async\" class=\"alignleft wp-image-3351 size-full\" src=\"http:\/\/www.rat-u-gradu.alat.hr\/wp-content\/uploads\/2009\/12\/Lasi?_Ivan_1_1.jpg\" alt=\"Lasi\u0107_Ivan_1_1\" width=\"130\" height=\"161\"><\/a><\/p>\n<p><strong><em>Ivan, kojega su zvali Nino, ostao je negdje na Bleiburgu ili na nekom Kri\u017enom putu, neznamo mu groba. Izgubio sam dunda prije nego sam se rodio&#8230;<\/em><\/strong><\/p>\n<p><strong><em>&nbsp;<\/em><\/strong><\/p>\n<p>&nbsp;<\/p>\n<p>&nbsp;<\/p>\n<p><em><strong><a href=\"http:\/\/www.rat-u-gradu.alat.hr\/?attachment_id=3354\" rel=\"attachment wp-att-3354\"><img loading=\"lazy\" decoding=\"async\" title=\"Lasi?_Miro_1\" src=\"http:\/\/www.rat-u-gradu.alat.hr\/wp-content\/uploads\/2009\/12\/Lasi?_Miro_1-150x150.jpg\" alt=\"\" width=\"132\" height=\"131\"><\/a>Vitomir, zvan Miro<\/strong><\/em>, (desno na slici ) \u017eivio je u Sarajevu, bio novinar Oslobo\u0111enja, glazbeni kriti\u010dar, selektor MES-a (male eksperimentalne scene) i poslije domovinskog rata veleposlanik RH u Makedoniji. Jedan od onih koji su osnivali &#8220;onaj&#8221; (prvi, idealisti\u010dki!) HDZ u BiH, sa Stjepanom Kljui\u0107em i drugima.<\/p>\n<p>Moj otac <em><strong>Vjekoslav zvan Lujo<\/strong><\/em>, (lijevo na slici) pro\u0161ao je strahote Bleiburga i Kri\u017enog puta, izdr\u017eao dosu\u0111enu kaznu i do\u0161ao u Dubrovnik, sreo moju majku Mariju Miler i&#8230; eto i mene. Ali, duga komunisti\u010dka ruka opet ga je dohvatila i vratila na &#8220;revidiranje stava&#8221; jer mu je trebalo izbaciti Hrvatsku iz glave, pa je odrobijao jo\u0161 nekoliko godina. A nisu mu opet izbacili Hrvatsku iz glave! Obilje\u017een kao nepo\u010dudan re\u017eimu prolazio je mnoge \u017eivotne udarce, neki koji su ga na poslu mu\u010dili danas su veliki Hrvati&#8230;<\/p>\n<p>&nbsp;<\/p>\n<p><em><strong>U Domovinskom ratu moj otac iz prkosa je napisao knjigu svojih uspomena: &#8220;Pakao je po\u010deo u Bleiburgu&#8221;,&nbsp; ali o tome na drugome mjestu.<\/strong><\/em><\/p>\n<p>Moja majka Marija, djevoja\u010dkog prezimena Miler, iz porodice bra\u0107e Iva i Stijepa Milera, koji su se bavili karima i karoserijama za tada\u0161nja vozila. Imali su radionicu na Plo\u010dama kraj &#8220;Loze&#8221;. Djed Stijepo prerano je nastradao, ostaviv\u0161i baku Emu sa dvije k\u010deri, Marijom i Ankom. Starija sestra Anka imala je 4 k\u010deri: Teu, Marju\u0107u, Martu i Ines. A kako 4 &#8220;glavne&#8221; rodice, imaju svaka po dvoje djece i tako imam i 8 drugih rodica i ro\u0111aka.<\/p>\n","protected":false},"excerpt":{"rendered":"<p>Svakako da je danas postalo moderno imati rodoslovno stablo&#8230;&nbsp; Sa debelim korijenom! Ne znam puno, o &#8220;korijenu&#8221;, se\u017ee samo do djedova i baka, ali jako sam ponosan na taj dio korijena!! Djed po ocu, Mostarac, sudac i mirovni sudac. Mirovni sudac nije se postajalo lako! O\u017eenio je Mariju Vitalji\u0107, Vitalji\u0107i su porijeklom sa Visa. Pojma [&hellip;]<\/p>\n","protected":false},"author":1,"featured_media":0,"parent":31,"menu_order":4,"comment_status":"closed","ping_status":"closed","template":"","meta":{"ngg_post_thumbnail":0,"footnotes":""},"class_list":["post-308","page","type-page","status-publish","hentry"],"jetpack_sharing_enabled":true,"_links":{"self":[{"href":"http:\/\/www.rat-u-gradu.alat.hr\/index.php?rest_route=\/wp\/v2\/pages\/308","targetHints":{"allow":["GET"]}}],"collection":[{"href":"http:\/\/www.rat-u-gradu.alat.hr\/index.php?rest_route=\/wp\/v2\/pages"}],"about":[{"href":"http:\/\/www.rat-u-gradu.alat.hr\/index.php?rest_route=\/wp\/v2\/types\/page"}],"author":[{"embeddable":true,"href":"http:\/\/www.rat-u-gradu.alat.hr\/index.php?rest_route=\/wp\/v2\/users\/1"}],"replies":[{"embeddable":true,"href":"http:\/\/www.rat-u-gradu.alat.hr\/index.php?rest_route=%2Fwp%2Fv2%2Fcomments&post=308"}],"version-history":[{"count":3,"href":"http:\/\/www.rat-u-gradu.alat.hr\/index.php?rest_route=\/wp\/v2\/pages\/308\/revisions"}],"predecessor-version":[{"id":5622,"href":"http:\/\/www.rat-u-gradu.alat.hr\/index.php?rest_route=\/wp\/v2\/pages\/308\/revisions\/5622"}],"up":[{"embeddable":true,"href":"http:\/\/www.rat-u-gradu.alat.hr\/index.php?rest_route=\/wp\/v2\/pages\/31"}],"wp:attachment":[{"href":"http:\/\/www.rat-u-gradu.alat.hr\/index.php?rest_route=%2Fwp%2Fv2%2Fmedia&parent=308"}],"curies":[{"name":"wp","href":"https:\/\/api.w.org\/{rel}","templated":true}]}}