{"id":1270,"date":"2010-02-22T02:06:04","date_gmt":"2010-02-22T01:06:04","guid":{"rendered":"http:\/\/rat-u-gradu.croati.org\/?page_id=1270"},"modified":"2022-08-20T13:33:15","modified_gmt":"2022-08-20T11:33:15","slug":"uvod-u-knjigu","status":"publish","type":"page","link":"http:\/\/www.rat-u-gradu.alat.hr\/?page_id=1270","title":{"rendered":"Uvod u knjigu"},"content":{"rendered":"<p><strong><em><span style=\"color: #ff0000;\">Bleibur\u0161ko polje, strati\u0161te Hrvata. Posjet 1986 godine. <\/span><\/em><\/strong><\/p>\n<p><strong><em><span style=\"color: #ff0000;\">Spomenici izginuloj Hrvatskoj vojsci.<\/span><\/em><\/strong><\/p>\n<p><a href=\"http:\/\/www.rat-u-gradu.alat.hr\/?attachment_id=2735\" rel=\"attachment wp-att-2735\"><img loading=\"lazy\" decoding=\"async\" width=\"150\" height=\"150\" class=\"alignleft size-thumbnail wp-image-2735\" title=\"Bleiburg02\" src=\"http:\/\/rat-u-gradu.alat.hr\/wp-content\/uploads\/2010\/02\/Bleiburg02-150x150.jpg\" alt=\"\"><\/a><a href=\"http:\/\/rat-u-gradu.croati.org\/wp-content\/uploads\/2010\/02\/Bleiburg011.jpg\"><img loading=\"lazy\" decoding=\"async\" width=\"150\" height=\"150\" class=\"alignleft size-thumbnail wp-image-2736\" title=\"Bleiburg01\" src=\"http:\/\/rat-u-gradu.alat.hr\/wp-content\/uploads\/2010\/02\/Bleiburg011-150x150.jpg\" alt=\"\"><\/a><\/p>\n<p><strong><em>&nbsp;<\/em><\/strong><\/p>\n<p><strong><em>&nbsp;&nbsp;&nbsp;Posjet Bleiburgu. Mir, ti\u0161ina, osim uobi\u010dajenih zvukova ptica. Obra\u0111eno, kao i svako drugo polje. <\/em><\/strong><\/p>\n<p><strong><em>&nbsp;<\/em><\/strong><\/p>\n<p><strong><em>.<\/em><\/strong><\/p>\n<p><strong><em>&nbsp;<\/em><\/strong><strong><em><a href=\"http:\/\/www.rat-u-gradu.alat.hr\/?attachment_id=1109\" rel=\"attachment wp-att-1109\"><img decoding=\"async\" title=\"Knjiga_korice\" src=\"http:\/\/rat-u-gradu.alat.hr\/wp-content\/uploads\/2010\/02\/Knjiga_korice-150x150.jpg\" alt=\"\"><\/a><a href=\"http:\/\/www.rat-u-gradu.alat.hr\/?attachment_id=2742\" rel=\"attachment wp-att-2742\"><img decoding=\"async\" title=\"Knjiga_korice2\" src=\"http:\/\/rat-u-gradu.alat.hr\/wp-content\/uploads\/2010\/02\/Knjiga_korice21-150x150.jpg\" alt=\"\"><\/a>Korice knjige, na zadnjoj je crte\u017e&nbsp; Vukovarskog raspela, u \u010dast <strong><em>patnji pobijenih i protjeranih Vukovaraca i u slavu <\/em><\/strong><strong><em>braniteljima Vukovara.<\/em><\/strong><\/em><\/strong><\/p>\n<p><strong><em>&nbsp;<\/em><\/strong><strong><em><a href=\"http:\/\/www.rat-u-gradu.alat.hr\/?attachment_id=2743\" rel=\"attachment wp-att-2743\"><img loading=\"lazy\" decoding=\"async\" width=\"150\" height=\"150\" class=\"alignleft size-thumbnail wp-image-2743\" title=\"Knjiga_Miro_1\" src=\"http:\/\/rat-u-gradu.alat.hr\/wp-content\/uploads\/2010\/02\/Knjiga_Miro_1-150x150.jpg\" alt=\"\"><\/a><\/em><\/strong><\/p>\n<p><strong><em>&nbsp;<strong><em> Pisani dnevnik Mira Lasi\u0107a sa Bleibur\u0161kog polja! Izuzetan dokument, treba priznati. Dali je Miro ve\u0107 pokazivao da \u0107e biti novinar?<\/em><\/strong><\/em><\/strong><\/p>\n<p><strong><em>&nbsp;<\/em><\/strong><\/p>\n<p><strong><em>&nbsp;<\/em><\/strong><\/p>\n<p>&nbsp;<\/p>\n","protected":false},"excerpt":{"rendered":"<p>Bleibur\u0161ko polje, strati\u0161te Hrvata. Posjet 1986 godine. Spomenici izginuloj Hrvatskoj vojsci. &nbsp; &nbsp;&nbsp;&nbsp;Posjet Bleiburgu. Mir, ti\u0161ina, osim uobi\u010dajenih zvukova ptica. Obra\u0111eno, kao i svako drugo polje. &nbsp; . &nbsp;Korice knjige, na zadnjoj je crte\u017e&nbsp; Vukovarskog raspela, u \u010dast patnji pobijenih i protjeranih Vukovaraca i u slavu braniteljima Vukovara. &nbsp; &nbsp; Pisani dnevnik Mira Lasi\u0107a sa [&hellip;]<\/p>\n","protected":false},"author":1,"featured_media":0,"parent":4990,"menu_order":1,"comment_status":"closed","ping_status":"closed","template":"","meta":{"ngg_post_thumbnail":0,"footnotes":""},"class_list":["post-1270","page","type-page","status-publish","hentry"],"jetpack_sharing_enabled":true,"_links":{"self":[{"href":"http:\/\/www.rat-u-gradu.alat.hr\/index.php?rest_route=\/wp\/v2\/pages\/1270","targetHints":{"allow":["GET"]}}],"collection":[{"href":"http:\/\/www.rat-u-gradu.alat.hr\/index.php?rest_route=\/wp\/v2\/pages"}],"about":[{"href":"http:\/\/www.rat-u-gradu.alat.hr\/index.php?rest_route=\/wp\/v2\/types\/page"}],"author":[{"embeddable":true,"href":"http:\/\/www.rat-u-gradu.alat.hr\/index.php?rest_route=\/wp\/v2\/users\/1"}],"replies":[{"embeddable":true,"href":"http:\/\/www.rat-u-gradu.alat.hr\/index.php?rest_route=%2Fwp%2Fv2%2Fcomments&post=1270"}],"version-history":[{"count":6,"href":"http:\/\/www.rat-u-gradu.alat.hr\/index.php?rest_route=\/wp\/v2\/pages\/1270\/revisions"}],"predecessor-version":[{"id":5809,"href":"http:\/\/www.rat-u-gradu.alat.hr\/index.php?rest_route=\/wp\/v2\/pages\/1270\/revisions\/5809"}],"up":[{"embeddable":true,"href":"http:\/\/www.rat-u-gradu.alat.hr\/index.php?rest_route=\/wp\/v2\/pages\/4990"}],"wp:attachment":[{"href":"http:\/\/www.rat-u-gradu.alat.hr\/index.php?rest_route=%2Fwp%2Fv2%2Fmedia&parent=1270"}],"curies":[{"name":"wp","href":"https:\/\/api.w.org\/{rel}","templated":true}]}}